{"id":63,"date":"2017-11-24T10:22:37","date_gmt":"2017-11-24T09:22:37","guid":{"rendered":"http:\/\/stb-drowe-burkhardt.de\/\/?page_id=63"},"modified":"2022-02-08T13:24:49","modified_gmt":"2022-02-08T12:24:49","slug":"news-blog","status":"publish","type":"page","link":"https:\/\/stb-drowe-burkhardt.de\/startseite\/news-blog\/","title":{"rendered":"News &#038; Blog"},"content":{"rendered":"<div class=\"wpb-content-wrapper\"><p>[vc_row][vc_column width=&#8220;2\/3&#8243;][vc_column_text]<\/p>\n<h1 style=\"text-align: center;\">News &amp; Blog<\/h1>\n<p style=\"text-align: center;\">Hier erfahren Sie st\u00e4ndig aktuelle Neuigkeiten rund ums Thema Steuern, Buchhaltung und Finanzen. Unseren Blog k\u00f6nnen Sie <a href=\"https:\/\/stb-drowe-burkhardt.de\/\/feed\/\">hier als RSS-Feed abonieren<\/a>.<\/p>\n<p>[\/vc_column_text]<div class=\"column_filters\"><div class=\"blog_wrapper isotope_wrapper clearfix\"><div class=\"posts_group lm_wrapper col-2 masonry tiles greyscale isotope\"><div class=\"post-item isotope-item clearfix author-drowe post-1794 post type-post status-publish format-standard has-post-thumbnail hentry category-allgemein tag-auzubildende-zur-steuerfachangestellten tag-auzubildender-zum-steuerfachangestellten tag-azubi-gesucht tag-bewerbung\" ><div class=\"date_label\">16. Oktober 2019<\/div><div class=\"post-photo-wrapper scale-with-grid\"><div class=\"image_wrapper_tiles\"><img loading=\"lazy\" decoding=\"async\" width=\"509\" height=\"340\" src=\"https:\/\/stb-drowe-burkhardt.de\/wp-content\/uploads\/2019\/10\/Azubi-gesucht-Bild_3.jpg\" class=\"scale-with-grid wp-post-image\" alt=\"\" itemprop=\"image\" srcset=\"https:\/\/stb-drowe-burkhardt.de\/wp-content\/uploads\/2019\/10\/Azubi-gesucht-Bild_3.jpg 509w, https:\/\/stb-drowe-burkhardt.de\/wp-content\/uploads\/2019\/10\/Azubi-gesucht-Bild_3-300x200.jpg 300w, https:\/\/stb-drowe-burkhardt.de\/wp-content\/uploads\/2019\/10\/Azubi-gesucht-Bild_3-219x146.jpg 219w, https:\/\/stb-drowe-burkhardt.de\/wp-content\/uploads\/2019\/10\/Azubi-gesucht-Bild_3-50x33.jpg 50w, https:\/\/stb-drowe-burkhardt.de\/wp-content\/uploads\/2019\/10\/Azubi-gesucht-Bild_3-112x75.jpg 112w\" sizes=\"auto, (max-width: 509px) 100vw, 509px\" \/><\/div><\/div><div class=\"post-desc-wrapper\"><div class=\"post-desc\"><div class=\"post-head\"><\/div><div class=\"post-title\"><h2 class=\"entry-title\" itemprop=\"headline\"><a href=\"https:\/\/stb-drowe-burkhardt.de\/startseite\/2019\/10\/16\/azubi-gesucht\/\">Azubi gesucht !<\/a><\/h2><\/div><div class=\"post-excerpt\">Ausbildung zur\/m Steuerfachangestellte\/n. Die T\u00e4tigkeit: Steuerfachangestellte unterst\u00fctzen unsere Mandanten in allen steuerlichen Fragen. Daneben f\u00fchren sie allgemeine organisatorische und kaufm\u00e4nnische Arbeiten aus. Ideale Voraussetzungen: Einen Schulabschluss<span class=\"excerpt-hellip\"> [\u2026]<\/span><\/div><\/div><\/div><\/div><\/div><\/div>\n<\/div>\n[\/vc_column][vc_column width=&#8220;1\/3&#8243;][vc_column_text]<\/p>\n<h3 style=\"text-align: center;\"><a href=\"https:\/\/www.datev-magazin.de\/\" target=\"_blank\" rel=\"noopener\"><img loading=\"lazy\" decoding=\"async\" class=\"wp-image-596 aligncenter\" src=\"https:\/\/stb-drowe-burkhardt.de\/wp-content\/uploads\/2018\/06\/datev-300x296.png\" alt=\"\" width=\"156\" height=\"154\" srcset=\"https:\/\/stb-drowe-burkhardt.de\/wp-content\/uploads\/2018\/06\/datev-300x296.png 300w, https:\/\/stb-drowe-burkhardt.de\/wp-content\/uploads\/2018\/06\/datev-148x146.png 148w, https:\/\/stb-drowe-burkhardt.de\/wp-content\/uploads\/2018\/06\/datev-50x50.png 50w, https:\/\/stb-drowe-burkhardt.de\/wp-content\/uploads\/2018\/06\/datev-76x75.png 76w, https:\/\/stb-drowe-burkhardt.de\/wp-content\/uploads\/2018\/06\/datev-85x85.png 85w, https:\/\/stb-drowe-burkhardt.de\/wp-content\/uploads\/2018\/06\/datev-80x80.png 80w, https:\/\/stb-drowe-burkhardt.de\/wp-content\/uploads\/2018\/06\/datev.png 609w\" sizes=\"auto, (max-width: 156px) 100vw, 156px\" \/><\/a>Wichtige<br \/>\nSteuermeldungen<\/h3>\n<p>[\/vc_column_text][vc_column_text]<div class=\"wpra-display align\" data-display-id=\"0\" hx-target=\"this\" hx-swap=\"outerHTML\">    <div class=\"wp-rss-aggregator wpra-list-template \">\n        <ul class=\"rss-aggregator wpra-item-list wpra-item-list--bullets wpra-item-list--default\" start=\"1\">\n            <p>No feed items found.<\/p>\n        <\/ul>\n    <\/div> <\/div>[\/vc_column_text][\/vc_column][\/vc_row]<\/p>\n<\/div>","protected":false},"excerpt":{"rendered":"<p>[vc_row][vc_column width=&#8220;2\/3&#8243;][vc_column_text] News &amp; Blog Hier erfahren Sie st\u00e4ndig aktuelle Neuigkeiten rund ums Thema Steuern, Buchhaltung und Finanzen. Unseren Blog k\u00f6nnen Sie hier als RSS-Feed abonieren.<span class=\"excerpt-hellip\"> [\u2026]<\/span><\/p>\n","protected":false},"author":1,"featured_media":0,"parent":0,"menu_order":0,"comment_status":"closed","ping_status":"closed","template":"","meta":{"footnotes":""},"class_list":["post-63","page","type-page","status-publish","hentry"],"_links":{"self":[{"href":"https:\/\/stb-drowe-burkhardt.de\/startseite\/wp-json\/wp\/v2\/pages\/63","targetHints":{"allow":["GET"]}}],"collection":[{"href":"https:\/\/stb-drowe-burkhardt.de\/startseite\/wp-json\/wp\/v2\/pages"}],"about":[{"href":"https:\/\/stb-drowe-burkhardt.de\/startseite\/wp-json\/wp\/v2\/types\/page"}],"author":[{"embeddable":true,"href":"https:\/\/stb-drowe-burkhardt.de\/startseite\/wp-json\/wp\/v2\/users\/1"}],"replies":[{"embeddable":true,"href":"https:\/\/stb-drowe-burkhardt.de\/startseite\/wp-json\/wp\/v2\/comments?post=63"}],"version-history":[{"count":10,"href":"https:\/\/stb-drowe-burkhardt.de\/startseite\/wp-json\/wp\/v2\/pages\/63\/revisions"}],"predecessor-version":[{"id":2599,"href":"https:\/\/stb-drowe-burkhardt.de\/startseite\/wp-json\/wp\/v2\/pages\/63\/revisions\/2599"}],"wp:attachment":[{"href":"https:\/\/stb-drowe-burkhardt.de\/startseite\/wp-json\/wp\/v2\/media?parent=63"}],"curies":[{"name":"wp","href":"https:\/\/api.w.org\/{rel}","templated":true}]}}